Suppose -20*c + 43444 = -103776. List the prime factors of c.
17, 433
Let f(z) = -5*z**2 - 31*z + 51. Let x be f(8). Let v = -201 - x. List the prime factors of v.
2, 79
List the prime factors of -5 + 10/((-50)/(-39945)).
2, 499
Let s = -38631 - -70993. What are the prime factors of s?
2, 11, 1471
Let r(f) = 3 + 8*f + 65*f - 123*f. List the prime factors of r(-16).
11, 73
Let h = -162 - -162. Suppose -2*p + 1404 = 5*o - 3*o, -3*o - 4*p + 2102 = h. List the prime factors of o.
2, 353
Suppose -38*f + 8991483 = 181*f. What are the prime factors of f?
41057
Suppose 0 = j - 10*j - 17371 + 105283. List the prime factors of j.
2, 3, 11, 37
Let h(o) = 1873*o - 7382. List the prime factors of h(38).
2, 3, 443
Suppose -5*u + 39 = -o, 41*o - 25 = -3*u + 40*o. Suppose 224 = t - u*c + 13*c, -c = 3*t - 658. List the prime factors of t.
3, 73
Let n(q) = q**2 - 8*q - 7. Let d be n(-2). Suppose -d*i - 1623 + 5588 = 0. List the prime factors of i.
5, 61
Suppose 0*d = 10*d + 2660. What are the prime factors of (d/21)/(1/(-78))?
2, 13, 19
Let x(g) = -g**2 - 7*g. Let i be x(-4). Let t be (3 + (-30)/i)*(0 - -284). Suppose -t = -0*a - a - 3*j, -4*a = 4*j - 528. What are the prime factors of a?
127
Let o be (-39)/(-12)*8 + -6 + 1. Suppose 10*m + 11627 = o*m. What are the prime factors of m?
7, 151
Suppose -153*v + 64*v = -76*v - 208091. What are the prime factors of v?
16007
Let p = -224 + 223. List the prime factors of (-2)/p + (325 + 5)*1.
2, 83
Suppose 13 + 8 = 5*p - 2*c, -4 = -2*c. Suppose -3*x + 95 = 5*l, l + 4*x - 7 = -p. Suppose -374 - l = -3*f. List the prime factors of f.
2, 3, 11
Let y be (1 - 2)*0*(-5)/(-40). Let j(c) = c**2 + 2*c + 571. What are the prime factors of j(y)?
571
Let r(f) be the first derivative of -f**2 - 372*f - 12 + 354*f + 2*f**2. List the prime factors of r(19).
2, 5
Suppose 6*a + 3*b = 2*a + 269, -a = 5*b - 46. Suppose -215 + a = -6*s. List the prime factors of s.
2, 3
Suppose 2*h + h - 1665 = -5*i, 993 = 3*i + 3*h. Let l = i - 151. Suppose 137 - 7 = 2*k - 2*w, 0 = 3*k - w - l. What are the prime factors of k?
2, 3, 5
Suppose -2*a + 5*a = 2*a. Suppose 2*t - 3378 = 2*i, -18*i + 13*i = a. What are the prime factors of t?
3, 563
Let m(i) = -2187*i + 1255. List the prime factors of m(-7).
2, 41, 101
Let u(y) = -y**2 - 6*y - 6. Let w = -56 - -53. Let j be u(w). Suppose -2*b - 137 = -t, 2*b - b = -j*t + 432. What are the prime factors of t?
11, 13
Let h = 10182 - 1013. List the prime factors of h.
53, 173
Suppose 4*a - 2*x - 16 = 0, -a - 5 = -x - 10. Suppose 4449 = a*r - 0*r. What are the prime factors of r?
1483
Suppose l = x - 10771, 206*l - 208*l = x - 10759. What are the prime factors of x?
3, 37, 97
Suppose y = 5, 5*y = -32*p + 36*p - 1323. What are the prime factors of p?
337
Let n(x) = -27 - 87*x + 5 - 21 - 63 + 15. List the prime factors of n(-5).
2, 43
What are the prime factors of 81266536/1820 - 18/(-315)?
2, 3, 61
Suppose -176241 = -5*g + 3*k, -121*g - 5*k + 35265 = -120*g. What are the prime factors of g?
2, 3, 5, 47
Suppose 94079 = 10*l + 24679. What are the prime factors of l?
2, 5, 347
Let j(g) = -g**3 + 3*g**2 - 3*g + 5. Let m be j(5). Let l = m + 120. Suppose 4*c = -l + 184. What are the prime factors of c?
31
Let r(i) = -4*i - i - i**2 - 5*i**2 - i**3 + 7. Let b be -3*(4 - (-7 + 9)). What are the prime factors of r(b)?
37
Let l(u) = u**3 + 11*u**2 - 15*u - 24. Let q be l(-12). Let b be (40/(-14))/(q/(-42)). Suppose 0 = -16*n + b*n + 450. List the prime factors of n.
3, 5
Let h(z) = 5*z**2 - 9*z + 7312. List the prime factors of h(0).
2, 457
List the prime factors of -1 + -10 - (-35)/5 - -9921.
47, 211
Let t(y) = 3352*y + 1917. What are the prime factors of t(5)?
19, 983
Let t = 78 + -73. Suppose -189 = -t*q + y + 58, -3*y = 2*q - 109. Let c = q + -7. List the prime factors of c.
43
Let u = -402 - -404. Let v(h) = 327*h**2 + 32*h - 69. List the prime factors of v(u).
1303
Let j be (-12)/((-1)/(4/(-8))). What are the prime factors of 84/(-10)*340/j?
2, 7, 17
Let a be ((-26)/(-3) + -9)*1*-1401. Let v = 1467 - a. List the prime factors of v.
2, 5
Suppose 5*p = -5*l + 83070, 0 = 2*p + 9 + 1. Suppose 24*q - l + 4379 = 0. What are the prime factors of q?
2, 3, 5, 17
Let c be (-3*4/(-36))/((-1)/(-12)). Suppose -5*y = -v + 9, -y = c*v - 0 + 6. What are the prime factors of v*4*(-875)/28?
5
Suppose -7*a - 5*p + 70 = -5*a, a + 2*p - 36 = 0. Suppose 5 = y, 2*y + y = -b + a. What are the prime factors of b?
5
List the prime factors of (744/12)/((-4)/(-138)).
3, 23, 31
List the prime factors of (-5)/(-60) - (-6 + (-1856722)/168).
2, 3, 19, 97
What are the prime factors of 8744 + (8 - (21 + 6))?
5, 349
Let f(z) = z**3 - 21*z**2 + 20*z - 30. Let x be f(19). Let l = x - -796. List the prime factors of l.
2, 53
Suppose -7 = -5*l + 33. Suppose w - l*w = -1512. What are the prime factors of w?
2, 3
Suppose 56 = -2*w + 208. Let k be 39/(-65)*1*(-75)/9. Suppose w = a + k. List the prime factors of a.
71
Let l(g) = g**3 + 73*g**2 + 324*g - 66. What are the prime factors of l(-68)?
2, 7, 73
What are the prime factors of 19916 + (1 - 0) + 6*56/84?
11, 1811
Let a = 27157 + -16922. List the prime factors of a.
5, 23, 89
Suppose 2144 + 778 = 27*r - 4152. What are the prime factors of r?
2, 131
Suppose 0 = -3*a + 2*v - 2916, -5*v + 982 = -a - v. Let m(z) = z**2 + 6*z - 10. Let r be m(-5). List the prime factors of 6/4*a/r.
97
Suppose -5*o + 1837 = -3*u, 2*u - 18*o + 14*o = -1222. Let x = 822 + u. List the prime factors of x.
7, 29
List the prime factors of (-114)/(-76)*2069/(-4*2/(-96)).
2, 3, 2069
Suppose 3*p = -5*b + 154209, 231*p = 4*b + 227*p - 123412. List the prime factors of b.
2, 3, 53, 97
Let k(h) = h**3 - 18*h**2 + 24*h - 94. Let z be k(23). Suppose 3*o - 6*o = 4*s - z, 5*o - 3885 = -5*s. List the prime factors of s.
2, 193
Let i be 13/((-1755)/(-18)) + (-56)/(-30). Suppose 2*u + i*f = 3*u - 3, 0 = 5*f. What are the prime factors of u?
3
Suppose 4*f + m = 8, -4*f - 1 = 2*m - 9. What are the prime factors of f/20 + 51/(-10) + 290?
3, 5, 19
List the prime factors of 6/10 - 10446267/(-705).
2, 31, 239
Let g be (8/7)/((-38)/(-133)) + (-9 - -8). Let y(x) be the second derivative of x**4/2 - 7*x**2/2 - x. What are the prime factors of y(g)?
47
Suppose 0 = -3*a - 15, 0 = -4*v + a + 7112 + 16329. List the prime factors of v.
3, 7, 31
Let z = -3 + 13036. What are the prime factors of z?
13033
Let v = -109 - -119. Let q(t) = t**3 - 10*t**2 + 2*t + 17. What are the prime factors of q(v)?
37
Let w be 410/7 - (371/49 + -7). Suppose -2*k + 3*a + 113 = -k, -2*k + a = -231. Let o = k - w. What are the prime factors of o?
2, 29
Suppose 42 = 2*t + 5*t. Suppose 4 = -y + t. List the prime factors of y - 21/9 - 67/(-3).
2, 11
Let z be (-6)/45 + 77/15. Suppose 0 = -n + 4*v + 317, -2*n + z*v - 353 = -3*n. What are the prime factors of n?
3, 37
Suppose -5*h + 29 = y, -3 - 1 = -h - 2*y. What are the prime factors of (-67347)/(-252) + (h/8 - 1)?
3, 89
Suppose -75*p = -71*p + 5*x - 77586, -2*x - 19390 = -p. List the prime factors of p.
2, 9697
Let v(k) = 2606*k**2 + k + 2. Let a be v(-1). Suppose 120 = 9*p - a. What are the prime factors of p?
3, 101
Let k = 1075 - -2750. List the prime factors of k.
3, 5, 17
Suppose -47 = -5*t - 22. Suppose 1369 = t*x - s, 0 = -2*x + 5*x - 4*s - 835. List the prime factors of x.
3, 7, 13
Suppose -98 = -4*y + 3*y. Let l = y + -97. What are the prime factors of l/(((-30)/1285)/(-6))?
257
Let t be (44/55)/((-1)/(8 - 3)). What are the prime factors of t/((-5)/(-2085)*-3)?
2, 139
Suppose 2*t + 2*u = 2780, -7*u = 3*t - 2*u - 4166. Suppose -78 = -6*x + t. List the prime factors of x.
5, 7
Let n be 9*2 + (6 - 10 - -6). Suppose 0 = 2*j + d - n - 182, -4*j - d = -408. List the prime factors of j.
103
Let y be (-4)/((4/(-8))/(1/2)). Suppose 2*m - y*q = 2432, -5*q - 2433 = -16*m + 14*m. What are the prime factors of m?
2, 607
Let q = -301 - 13. Suppose 0 = -2*m + 4*d + 904, 14*m - 19*m = -4*d - 2224. Let c = q + m. What are the prime factors of c?
2, 3, 7
Suppose -4225 = -z - 71. List the prime factors of z.
2, 31, 67
Let b(f) = -7*f + 3. Let u = 88 - 94. List the prime factors of b(u).
3, 5
Suppose 6*a + 274 = 64. List the prime factors of (-3)/(a/(-430)*(-3)/28).
2, 43
Suppose 5*r = 0, -2*q = -3*r + 6*r - 10. Suppose -q*u + 645 = 5*f, f + 